he remainder when 7 is divided by k.
1
Calculate the remainder when 27 is divided by 2*(-1)/(0 + (-1)/3).
3
Let b(s) = 15*s. Calculate the remainder when 43 is divided by b(1).
13
Let x = 19 + -4. Calculate the remainder when ((-1)/2)/(1/(-58)) is divided by x.
14
Let m(c) be the second derivative of c**3/6 - 3*c**2/2 - 2*c. Let o be m(6). What is the remainder when 48/o - (-1 - -1) is divided by 6?
4
Let b = -7 + 9. What is the remainder when 9 is divided by b?
1
Suppose 2*d - 4*n - 39 = -5*n, n = -3*d + 60. What is the remainder when 80 is divided by d?
17
Let g(w) = -w**3 - 10*w**2 - w + 3. Suppose 0 = 2*j + 16 - 118. Calculate the remainder when j is divided by g(-10).
12
Suppose -f + 48 + 12 = 0. What is the remainder when f is divided by 21?
18
Suppose 5*f + 51 + 4 = 0. Calculate the remainder when 38 is divided by (-2 + f - -3)/(-1).
8
Suppose 0 = -5*v + 5*j + 26 - 6, 5*v = 2*j + 23. What is the remainder when v is divided by 3?
2
Let m = 43 - -45. Suppose -m + 13 = -5*i. Calculate the remainder when 28 is divided by i.
13
Let o be (1 - 1)/(1 - -2). Calculate the remainder when 1/((-2)/(-42) + o) is divided by 2/(1*2/11).
10
Let m(w) = -w + 4*w**2 + 0*w - 4 + 3*w. Let x = 28 - 25. Calculate the remainder when m(x) is divided by 20.
18
Let i be (-108)/(-20) - (-4)/(-10). Let h be -4 - (-3 - (4 + -2)). Let a = i - h. Calculate the remainder when 6 is divided by a.
2
Let p(o) = 10*o - 2 + o**3 - 5*o + 0. Calculate the remainder when p(3) is divided by -4 + 2 - -1*16.
12
Let m(n) = 8*n**2 + 4*n - 2. Calculate the remainder when m(1) is divided by 4.
2
Suppose 213 + 12 = -5*j. Suppose -4*a + 380 = a. Let d = j + a. What is the remainder when d is divided by 11?
9
Let b(x) = x + 1 + 6 + x**2 - 5*x. Let z = 17 - 12. Calculate the remainder when 46 is divided by b(z).
10
Suppose -5*z + 61 = 4*s, 3*s - 30 - 7 = 5*z. Calculate the remainder when 15/2*(-10)/(-3) is divided by s.
11
Let g be 23/2 + (-5)/(-10). What is the remainder when (g/(-15))/((-1)/30) is divided by 13?
11
Suppose 0 = y + 2*y - 12. Let x = y - -4. What is the remainder when 1/(-4) + (-89)/(-4) is divided by x?
6
What is the remainder when (-28)/(-1*(-1 - -2)) is divided by 1 - -14 - 0/(-1)?
13
Suppose 4*s - 20 = 5*d, 1 - 6 = -s + d. Suppose 0*q - 5*f = -4*q + 39, -56 = -s*q - f. What is the remainder when q is divided by 4?
3
Suppose -9 = 2*k - 3*t, 3*k + 26 = -2*k + 4*t. Calculate the remainder when 49 is divided by ((-8)/k)/(4/30).
9
Suppose 9 + 0 = 3*t. Suppose a - 68 = -t*a. What is the remainder when 33 is divided by a?
16
Let f = 3 + -3. Suppose 0 = 4*i - i - 9. Suppose f = -l + 3 + i. What is the remainder when 10 is divided by l?
4
Let p(h) = 29*h - 10. Let n be p(-8). Let t be (n - 1)*12/(-18). Calculate the remainder when 2/(-5) + t/5 is divided by 11.
10
Suppose j = -h - 17, -h - 4*j + 7*j - 5 = 0. Let q = h - -28. Calculate the remainder when 26 is divided by q.
12
Let w = 20 - 8. What is the remainder when w is divided by 5?
2
Let r = -4 + 4. Let d = 1 + r. Calculate the remainder when d is divided by 4/6*3/2.
0
Calculate the remainder when (-3)/9 + (-1130)/(-6) is divided by 48.
44
Suppose 2*t - 4 = -0. Suppose -20 = y - 3*y + 2*f, 2*y - f = 16. Let l = y + t. Calculate the remainder when l is divided by 3.
2
Suppose 4*l - 48 = -d, d = -5*l + 3 + 57. Calculate the remainder when (-5)/4 - (-1395)/60 is divided by l.
10
Let i(v) = v**3 + 4*v**2 + 5. What is the remainder when 18 + (4 - (2 + 2)) is divided by i(-4)?
3
Suppose -9*v + 1650 = -7*v. What is the remainder when 99 is divided by (2/(-6))/((-11)/v)?
24
Let o be -5 - (2 + 0 + -4). What is the remainder when 42 is divided by ((-6)/o + -1)*22?
20
Suppose 0 = -m + 6 + 13. Suppose 0 = 4*z - m - 5. Calculate the remainder when z is divided by 2.
0
Suppose 0 = -b - 6 + 13. Suppose b*y - 125 = 2*y. What is the remainder when y is divided by 13?
12
Let q(l) = 28*l + 1. What is the remainder when q(2) is divided by 15?
12
Let k(d) = -d + 21. Let a be k(0). Calculate the remainder when 20 is divided by (-1)/(a/11 + -2).
9
Suppose n - 11 = 5. What is the remainder when 30 is divided by n?
14
Let p = 15 + -10. Let z(m) = -m + 6. Let t be z(p). Calculate the remainder when (-6)/(t/(-2)*2) is divided by 4.
2
Let o(v) = v**2 - 4*v - 12. Calculate the remainder when 24 is divided by o(7).
6
Let f(s) = -4*s**2 + 6 - 4*s**2 + 6*s + 9*s**2 + 0. What is the remainder when 38 is divided by f(-7)?
12
Suppose 0 = 3*l - 0*l - 3, 0 = 2*k - 3*l - 31. Let n(f) = f**2 + 13*f - 5. What is the remainder when k is divided by n(-14)?
8
Let x = 191 + -160. Calculate the remainder when 92 is divided by x.
30
Suppose -2*w = 2*j - 5*w - 24, -2*w - 8 = 0. Calculate the remainder when 21 is divided by j.
3
Suppose 0 = o - 7*o + 42. Calculate the remainder when 72 is divided by o.
2
Let y = -82 - -95. Calculate the remainder when 61 is divided by y.
9
Let f = -1 + 4. Let o be (-2)/f - (-28)/6. Let r = o - 3. Calculate the remainder when 1 is divided by r.
0
Let d = -192 + 208. Let q = 47 + 16. What is the remainder when q is divided by d?
15
Let j(w) = 32*w**2 - w - 1. Let r be j(-1). Suppose -5*u - 6 = -2*o, -2*u + 6*u = -3*o + r. Calculate the remainder when -3*(-4)/(-12)*-23 is divided by o.
7
Let n(y) = -y**2 - y + 18. Let z be n(0). What is the remainder when 129/2 + 9/z is divided by 17?
14
Suppose -7*q + 3*q = 32. Let k(c) = -c**2 + 9*c - 2. Let o be k(6). Let f = o + q. What is the remainder when 23 is divided by f?
7
Let o be 416/72 + 4/18. Suppose 0 = 4*h + 4*k, 0*k - o = -4*h - k. Suppose 14 = h*x - 16. What is the remainder when x is divided by 8?
7
Let u = -58 + 81. Calculate the remainder when (3/1 - 2) + 43 is divided by u.
21
Suppose 5*f - 25 = 5*m, -m = -f + 2*m + 7. Let p be 1*-9*f/(-3). Suppose 3*y + p = 0, 3*c = -y + 3 + 5. What is the remainder when c is divided by 3?
1
Suppose 0 = 3*s + 3. Let x be 0/1 + s - 2. What is the remainder when 21 is divided by 9 - (x/3 + -2)?
9
Suppose 5 + 1 = 2*u. Suppose v + v + 5*k = 29, 5*v = -u*k + 63. Suppose 4*y - v = 56. What is the remainder when 32 is divided by y?
15
Let g = -32 - -56. Suppose -4 = 4*d - 16. Suppose 2*u + 5*a - 26 = 4*a, 65 = 5*u + d*a. Calculate the remainder when g is divided by u.
11
Suppose 4*f + 25 = 65. Let p(g) = -g**2 + g + 1. Let q be p(-1). What is the remainder when 38*(2 - q)/6 is divided by f?
9
Suppose 2*q - 2 = 0, -30 = -5*i - q - 4. Suppose 0*j - i = -j. Calculate the remainder when j is divided by 2.
1
Suppose 0 = -3*w - 3*l + 183, -3*l = 2*w - 4*w + 127. What is the remainder when w is divided by 16?
14
Let q = 124 + -15. What is the remainder when q is divided by 28?
25
Let y be 6/(6*(-2)/8). Let h(q) = -17*q - 1. What is the remainder when h(y) is divided by 23?
21
Let s be (3 - 33/6)*2. Let z be (-15)/2*(-2 - 0). Let n = z + s. Calculate the remainder when 28 is divided by n.
8
Suppose 5*h + 4*h = 180. What is the remainder when 79 is divided by h?
19
Let s(g) = 8*g - 2. Calculate the remainder when s(1) is divided by 2.
0
Let h = -10 + 15. Let g = h + -3. What is the remainder when 28 is divided by g/7 - 309/(-21)?
13
Let y = 160 - 95. Suppose -y = -3*a - 2*a. Let d = -7 + a. What is the remainder when 11 is divided by d?
5
Suppose 0*x = 3*x - 6, 0 = -4*i - 3*x + 50. Suppose 0*u + 20 = u. Calculate the remainder when u is divided by i.
9
Suppose -4*u = -0*u - 5*a - 37, 2*u - 4*a = 26. Calculate the remainder when 12 is divided by u.
0
Let a = 17 + -16. What is the remainder when ((-2)/a)/((-1)/55) is divided by 28?
26
Let b = -10 - -32. Suppose 0 + 2 = f. Suppose t - f*t = -b. What is the remainder when 42 is divided by t?
20
Let t be (-2)/(-3) - (-10)/(-6). Let u(s) = 17*s**2 - 2*s - 1. Let d be u(t). Suppose -5*n + 7 = -d. Calculate the remainder when 8 is divided by n.
3
Let p be 16/24 + 8/6. What is the remainder when (2 - (-75)/6)*p is divided by 15?
14
Let b be 4 + -2 - 9/3. Calculate the remainder when 19 is divided by (-14)/(-2 + 1 + b).
5
Suppose -2*k - 1 = -c - 4, -5*c = 2*k + 63. Let d = c - -37. Let m(h) = 20*h**2 + 2*h. What is the remainder when m(-2) is divided by d?
24
Let w(p) = -p - 4. Let b be w(-7). Suppose -48 = -5*z + 32. Calculate the remainder when 7*(-20)/(-14)*b is divided by z.
14
Let l(n) = 3*n**2 + 9*n - 3. Let b(s)